{"id":252,"date":"2024-01-01T18:12:07","date_gmt":"2024-01-01T17:12:07","guid":{"rendered":"https:\/\/auxsonsdescloches.com\/?page_id=252"},"modified":"2024-12-28T14:40:23","modified_gmt":"2024-12-28T13:40:23","slug":"mentions-legales","status":"publish","type":"page","link":"https:\/\/auxsonsdescloches.com\/sv\/mentions-legales\/","title":{"rendered":"R\u00e4ttslig information"},"content":{"rendered":"<p class=\"translation-block\">En conformit\u00e9 aux obligations de l\u2019article 6-III et 19 de la Loi n* 2004-575 du 21 juin 2004 relative \u00e0 la Confiance en l\u2019\u00e9conomie num\u00e9rique, dite L.C.E.N., nous informons les utilisateurs du site internet :\u00a0<a href=\"https:\/\/auxsonsdescloches.com\/sv\/\" target=\"_blank\" rel=\"noreferrer noopener\">auxsonsdescloches.com<\/a>\u00a0Ces informations ci-dessous :<\/p>\n\n\n\n<p class=\"translation-block\">Le site\u00a0<a href=\"https:\/\/auxsonsdescloches.com\/sv\/\" target=\"_blank\" rel=\"noreferrer noopener\">auxsonsdescloches.com<\/a>\u00a0est l\u2019unique propri\u00e9t\u00e9 de\u00a0<strong>Sci<\/strong>\u00a0<strong>Aux Sons des Cloches<\/strong><\/p>\n\n\n\n<h2 class=\"wp-block-heading\"><strong>1. Donn\u00e9es l\u00e9gales :<\/strong><\/h2>\n\n\n\n<p class=\"translation-block\"><strong>Sci<\/strong>\u00a0<strong>Aux Sons des Cloches<\/strong>\u00a0\u2013 Num\u00e9ro de Tel :\u00a0<strong>0615410877<\/strong><\/p>\n\n\n\n<p class=\"has--font-size\"><strong>14 rue Riefeld<\/strong>\u00a0<strong>67290 ROSTEIG<\/strong><br>Registrerad hos Registre du Commerce et des Soci\u00e9t\u00e9s under nummer\u00a0<strong>92029322200013<\/strong><\/p>\n\n\n\n<p class=\"translation-block\">Num. de TVA Intracommunautaire :\u00a0<strong>FR09920293222<\/strong><br>Adresse de messagerie mail :\u00a0<strong><a href=\"mailto:contact@auxsonsdescloches.com?subject=Contactapartirdesmentionslgalesvialesiteauxsonsdescloches.com\" target=\"_self\">contact@auxsonsdescloches.com<\/a><\/strong><br><br>Le Concepteur du site suivant est :\u00a0<strong>BAUER Alexandre<\/strong><br>Directeur de la publication :\u00a0<strong>BAUER Alexandre<\/strong><br>Ou joindre le Responsable de la publication :\u00a0<strong><a href=\"mailto:contact@auxsonsdescloches.com?subject=Contactapartirdesmentionslgalesvialesiteauxsonsdescloches.com\" target=\"_self\">contact@auxsonsdescloches.com<\/a><\/strong><br>Le D\u00e9veloppeur est :\u00a0<strong>BAUER Alexandre<\/strong><br>Ou entrer en contact avec le Webmaster :\u00a0<strong><a href=\"mailto:contact@auxsonsdescloches.com?subject=Contactapartirdesmentionslgalesvialesiteauxsonsdescloches.com\" target=\"_self\">contact@auxsonsdescloches.com<\/a><\/strong><\/p>\n\n\n\n<p class=\"translation-block\">L\u2019hebergeur du site est : <strong>Hostinger<\/strong><br>Registre du commerce et des soci\u00e9t\u00e9s (RCS) \u2013<br>Code APE (NAF) \u2013<br>Num. de TVA : \u2013<br>Si\u00e8ge Sociale de l\u2019h\u00e9bergeur : <strong>HOSTINGER INTERNATIONAL LTD, 61 Lordou Vironos Street, 6023 Larnaca, Chypre<\/strong><\/p>\n\n\n\n<p class=\"translation-block\">Les Mentions L\u00e9gales ont \u00e9t\u00e9 r\u00e9alis\u00e9es via\u00a0<strong><a href=\"https:\/\/www.generateur-de-mentions-legales.com\/\" target=\"_blank\" rel=\"noreferrer noopener\">ce g\u00e9n\u00e9rateur<\/a><\/strong><br><\/p>\n\n\n\n<h2 class=\"wp-block-heading\"><strong>2. Introduction :<\/strong><\/h2>\n\n\n\n<p class=\"translation-block\">Tout internaute qui utilise le site suivant :\u00a0<a href=\"https:\/\/auxsonsdescloches.com\/sv\/\" target=\"_blank\" rel=\"noreferrer noopener\">auxsonsdescloches.com<\/a>\u00a0est consid\u00e9r\u00e9 comme utilisateur du site.<br>Le site suivant\u00a0<strong>auxsonsdescloches.com<\/strong>\u00a0regroupe plusieurs services, dans l\u2019\u00e9tat, disponible pour les utilisateur. Il est naturellement pr\u00e9cis\u00e9 que ces derniers doivent rester courtois et faire preuve de bonne foi tant envers les diff\u00e9rents usag\u00e9s qu\u2019envers le Webmaster du site auxsonsdescloches.com. Le site auxsonsdescloches.com est actualis\u00e9 de fa\u00e7on r\u00e9guli\u00e8re par BAUER Alexandre.<br>BAUER Alexandre s\u2019efforce d\u2019indiqu\u00e9 sur le site auxsonsdescloches.com des informations les plus pr\u00e9cises possibles (sous r\u00e9serve de modifications), mais ne saurait garantir l\u2019exactitude, la finitude et l\u2019actualit\u00e9 des informations diffus\u00e9es sur son site web, qu\u2019elles soient de son fait ou du fait des tiers partenaires qui lui fournissent ces informations. En r\u00e9percussion, l\u2019utilisateur reconna\u00eet se servir des informations donn\u00e9es (\u00e0 titre indicatif, non exhaustives et susceptibles d\u2019\u00e9voluer) sous son unique responsabilit\u00e9.<\/p>\n\n\n\n<h2 class=\"wp-block-heading\"><strong>3. Digital tillg\u00e4nglighet :<\/strong><\/h2>\n\n\n\n<p>Webbplatsen auxsonsdescloches.com \u00e4r i huvudsak tillg\u00e4nglig f\u00f6r anv\u00e4ndarna 24 timmar om dygnet, 7 dagar i veckan, utom vid planerade eller oplanerade avbrott f\u00f6r underh\u00e5ll eller force majeure. Om det inte g\u00e5r att f\u00e5 tillg\u00e5ng till tj\u00e4nsten \u00e5tar sig auxsonsdescloches.com att g\u00f6ra sitt yttersta f\u00f6r att \u00e5terst\u00e4lla tillg\u00e5ngen till webbplatsen och kommer att f\u00f6rs\u00f6ka informera anv\u00e4ndarna i f\u00f6rv\u00e4g om datum och tid f\u00f6r avbrottet. Eftersom auxsonsdescloches.com endast \u00e4r f\u00f6rem\u00e5l f\u00f6r en avgift f\u00f6r medel, kan det inte h\u00e5llas ansvarigt f\u00f6r eventuella problem, oavsett art, till f\u00f6ljd av att tj\u00e4nsten inte \u00e4r tillg\u00e4nglig.<\/p>\n\n\n\n<h2 class=\"wp-block-heading\"><strong>4. Immateriella r\u00e4ttigheter :<\/strong><\/h2>\n\n\n\n<p>BAUER Alexandre \u00e4r den exklusiva \u00e4garen av alla immateriella r\u00e4ttigheter eller innehar r\u00e4ttigheter och tillst\u00e5nd att anv\u00e4nda alla element som \u00e4r tillg\u00e4ngliga p\u00e5 webbplatsen, inklusive struktur, artiklar, texter, bilder, grafik, logotyper, ljudsp\u00e5r, programvara etc...<br>All reproduktion, \u00e4ven partiell, av webbplatsen auxsonsdescloches.com, visning, \u00e4ndring, fullst\u00e4ndig eller partiell anpassning av n\u00e5got av dessa element, oavsett vilket medel eller vilken process som anv\u00e4nds, \u00e4r str\u00e4ngt f\u00f6rbjuden, utom efter skriftligt f\u00f6rhandstillst\u00e5nd fr\u00e5n BAUER Alexandre, som ansvarar f\u00f6r webbplatsen p\u00e5 f\u00f6ljande e-postadress: contact@auxsonsdescloches.com, i annat fall kommer det att betraktas som ett intr\u00e5ng och kan leda till \u00e5tal i enlighet med best\u00e4mmelserna i artiklarna L.335-2 och f\u00f6ljande i den franska lagen om immateriell \u00e4gander\u00e4tt. All reproduktion, helt eller delvis, visning, \u00e4ndring, uppdatering, helt eller delvis, av n\u00e5got av dessa element, oavsett vilket medel eller vilken process som anv\u00e4nds, \u00e4r str\u00e4ngt f\u00f6rbjuden, utom efter f\u00f6reg\u00e5ende skriftligt medgivande fr\u00e5n BAUER Alexandre, \u00e4gare till webbplatsen p\u00e5 f\u00f6ljande e-postadress: contact@auxsonsdescloches.com, i annat fall kommer det att betraktas p\u00e5 samma s\u00e4tt som ett intr\u00e5ng och kan leda till \u00e5tal i enlighet med best\u00e4mmelserna i artiklarna L.335-2 och f\u00f6ljande i den franska lagen om immateriell \u00e4gander\u00e4tt.<\/p>\n\n\n\n<h2 class=\"wp-block-heading\"><strong>5. Cookies och hyperl\u00e4nkar :<\/strong><\/h2>\n\n\n\n<p>Webbplatsen auxsonsdescloches.com har olika hypertextadresser till olika webbplatser (partner, k\u00e4llwebbplatser osv.) som har lagts ut p\u00e5 n\u00e4tet med tillst\u00e5nd av BAUER Alexandre.<a href=\"https:\/\/www.generateur-de-mentions-legales.com\/\">.<\/a>\u00a0BAUER Alexandre kan dock inte kontrollera alla delar av de webbplatser som bes\u00f6ks och fr\u00e5ns\u00e4ger sig d\u00e4rf\u00f6r allt ansvar f\u00f6r eventuella risker f\u00f6r olagligt inneh\u00e5ll.<br>Anv\u00e4ndarna informeras h\u00e4rmed om att n\u00e4r de surfar p\u00e5 f\u00f6ljande webbplats auxsonsdescloches.com kan en eller flera cookies automatiskt placeras p\u00e5 deras dator av deras webbl\u00e4sarprogram. En cookie \u00e4r ett block med datauppgifter som inte g\u00f6r det m\u00f6jligt f\u00f6r oss att veta vem som anv\u00e4nder det, men som registrerar information om anv\u00e4ndarens surfande p\u00e5 webbplatsen.\u00a0<br>Webbl\u00e4sare kan konfigureras s\u00e5 att anv\u00e4ndarna informeras om f\u00f6rekomsten av cookies och vid behov avvisar dem, enligt beskrivningen p\u00e5 :\u00a0<a href=\"https:\/\/auxsonsdescloches.com\/sv\/\">www.auxsonsdescloches.com<\/a>. Anv\u00e4ndaren kan dock st\u00e4lla in sin webbl\u00e4sare s\u00e5 att den inte accepterar cookies, men d\u00e5 b\u00f6r man komma ih\u00e5g att detta kan hindra anv\u00e4ndaren fr\u00e5n att f\u00e5 tillg\u00e5ng till olika delar av webbplatsen. F\u00f6r att blockera cookies, skriv \"blockera cookies\" i s\u00f6kverktyget och f\u00f6lj instruktionerna f\u00f6r din webbl\u00e4sare.<strong>6. Skydd av personer och egendom - Hantering av personuppgifter :<\/strong><\/p>\n\n\n\n<p>En France, les donn\u00e9es personnelles sont par exemple prot\u00e9g\u00e9es par la loi n\u00b0 78-87 du 6 janvier 1978 , la loi n\u00b0 2004-801 datant du 6 ao\u00fbt 2004, l\u2019article L. 226-13 du Code p\u00e9nal ainsi que la Directive Europ\u00e9enne du 24 octobre 1995.<\/p>\n\n\n\n<p class=\"translation-block\">Sur le site suivant auxsonsdescloches.com, BAUER Alexandre ne aucune information personnelles ( suivant l\u2019article 4 loi n\u00b078-17 du 06 janvier 1978) concernant l\u2019usager que pour la n\u00e9c\u00e9ssit\u00e9 de plusieurs services offerts par le site auxsonsdescloches.com. L\u2019usager fournit ces informations en pleine connaissance de cause, notamment lorsqu\u2019il proc\u00e8de par lui-m\u00eame \u00e0 leur saisie. Il est alors pr\u00e9cis\u00e9 \u00e0 l\u2019usag\u00e9 du site auxsonsdescloches.com l\u2019obligation ou non de mentionner ces informations.<br>En conformit\u00e9 avec les dispositifs des articles 38 et suivants de la loi 78-17 du 6 janvier 1978 en lien avec l\u2019informatique, aux fichiers et aux libert\u00e9s, n\u2019importe quel utilisateur dispose d\u2019un droit d\u2019acc\u00e8s , de rectification, de suppression et d\u2019opposition aux donn\u00e9es personnelles qui le concerne. Pour l\u2019utiliser, adressez votre demande \u00e0 auxsonsdescloches.com par email :\u00a0<strong><a href=\"mailto:contact@auxsonsdescloches.com?subject=Contactpartirdesmentionslgalesvialesiteauxsonsdescloches.com\" target=\"_self\">contact@auxsonsdescloches.com<\/a><\/strong>\u00a0ou\u00a0via \u00e9crit\u00a0d\u00fbement sign\u00e9e, jointe d\u2019une copie du titre d\u2019identit\u00e9 avec signature du titulaire de la pi\u00e8ce, en mentionnant l\u2019adresse \u00e0 laquelle une r\u00e9ponse doit \u00eatre envoy\u00e9e.<\/p>\n\n\n\n<p class=\"translation-block\">Sans information personnelle de l\u2019usager du site web auxsonsdescloches.com ne sera publi\u00e9e sans consentemment de l\u2019utilisateur, \u00e9chang\u00e9e, transmise, c\u00e9d\u00e9e sur n\u2019importe quel support \u00e0 des tiers. Seule l\u2019hypoth\u00e8se de la vente du site auxsonsdescloches.com et de ses droits en autorise BAUER Alexandre \u00e0 transmettre les dites informations \u00e0 l\u2019 acqu\u00e9reur qui serait donc lui-m\u00eame tenu\u00a0\u00e0 la m\u00eame obligation de conservation et de modification des informations relative \u00e0 l\u2019utilisateur du site auxsonsdescloches.com.<br>Le site auxsonsdescloches.com est conforme avec le RGPD consulter notre politique RGPD.<\/p>\n\n\n\n<p>Les bases de donn\u00e9es sont prot\u00e9g\u00e9es par les obligations de la loi du 1er juillet 1998 transposant ainsi la directive 96\/9 du 11 mars 1996 relative \u00e0 la protection juridique des bases de donn\u00e9es(BDD).<\/p>","protected":false},"excerpt":{"rendered":"<p>I enlighet med skyldigheterna i artiklarna 6-III och 19 i lag nr 2004-575 av den 21 juni 2004 om f\u00f6rtroende f\u00f6r den digitala ekonomin (L.C.E.N.) informerar vi anv\u00e4ndarna av webbplatsen auxsonsdescloches.com om f\u00f6ljande Webbplatsen auxsonsdescloches.com tillh\u00f6r uteslutande Sci Aux Sons des Cloches 1. Juridisk information: Sci Aux Sons des Cloches - Nummer...<\/p>","protected":false},"author":1,"featured_media":0,"parent":0,"menu_order":0,"comment_status":"closed","ping_status":"closed","template":"","meta":{"_kadence_starter_templates_imported_post":false,"_kad_post_transparent":"","_kad_post_title":"show","_kad_post_layout":"narrow","_kad_post_sidebar_id":"","_kad_post_content_style":"default","_kad_post_vertical_padding":"","_kad_post_feature":"","_kad_post_feature_position":"","_kad_post_header":false,"_kad_post_footer":false,"_kad_post_classname":"","slim_seo":{"noindex":"1","title":"Juridisk information - Aux Sons des Cloches","description":"I enlighet med skyldigheterna i artikel 6-III och 19 i lag nr 2004-575 av den 21 juni 2004 om f\u00f6rtroende f\u00f6r den digitala ekonomin, k\u00e4nd som L.C.E.N., g\u00f6r vi f\u00f6ljande"},"footnotes":""},"class_list":["post-252","page","type-page","status-publish","hentry"],"_links":{"self":[{"href":"https:\/\/auxsonsdescloches.com\/sv\/wp-json\/wp\/v2\/pages\/252","targetHints":{"allow":["GET"]}}],"collection":[{"href":"https:\/\/auxsonsdescloches.com\/sv\/wp-json\/wp\/v2\/pages"}],"about":[{"href":"https:\/\/auxsonsdescloches.com\/sv\/wp-json\/wp\/v2\/types\/page"}],"author":[{"embeddable":true,"href":"https:\/\/auxsonsdescloches.com\/sv\/wp-json\/wp\/v2\/users\/1"}],"replies":[{"embeddable":true,"href":"https:\/\/auxsonsdescloches.com\/sv\/wp-json\/wp\/v2\/comments?post=252"}],"version-history":[{"count":7,"href":"https:\/\/auxsonsdescloches.com\/sv\/wp-json\/wp\/v2\/pages\/252\/revisions"}],"predecessor-version":[{"id":2139,"href":"https:\/\/auxsonsdescloches.com\/sv\/wp-json\/wp\/v2\/pages\/252\/revisions\/2139"}],"wp:attachment":[{"href":"https:\/\/auxsonsdescloches.com\/sv\/wp-json\/wp\/v2\/media?parent=252"}],"curies":[{"name":"wp","href":"https:\/\/api.w.org\/{rel}","templated":true}]}}

Rättslig information

<p class="translation-block">En conformité aux obligations de l’article 6-III et 19 de la Loi n* 2004-575 du 21 juin 2004 relative à la Confiance en l’économie numérique, dite L.C.E.N., nous informons les utilisateurs du site internet : <a href="https://auxsonsdescloches.com/sv/" target="_blank" rel="noreferrer noopener">auxsonsdescloches.com</a> Ces informations ci-dessous :</p>



<p class="translation-block">Le site <a href="https://auxsonsdescloches.com/sv/" target="_blank" rel="noreferrer noopener">auxsonsdescloches.com</a> est l’unique propriété de <strong>Sci</strong> <strong>Aux Sons des Cloches</strong></p>



<h2 class="wp-block-heading"><strong>1. Données légales :</strong></h2>



<p class="translation-block"><strong>Sci</strong> <strong>Aux Sons des Cloches</strong> – Numéro de Tel : <strong>0615410877</strong></p>



<p class="has--font-size"><strong>14 rue Riefeld</strong> <strong>67290 ROSTEIG</strong><br>Registrerad hos Registre du Commerce et des Sociétés under nummer <strong>92029322200013</strong></p>



<p class="translation-block">Num. de TVA Intracommunautaire : <strong>FR09920293222</strong><br>Adresse de messagerie mail : <strong><a href="mailto:contact@auxsonsdescloches.com?subject=Contactapartirdesmentionslgalesvialesiteauxsonsdescloches.com" target="_self">contact@auxsonsdescloches.com</a></strong><br><br>Le Concepteur du site suivant est : <strong>BAUER Alexandre</strong><br>Directeur de la publication : <strong>BAUER Alexandre</strong><br>Ou joindre le Responsable de la publication : <strong><a href="mailto:contact@auxsonsdescloches.com?subject=Contactapartirdesmentionslgalesvialesiteauxsonsdescloches.com" target="_self">contact@auxsonsdescloches.com</a></strong><br>Le Développeur est : <strong>BAUER Alexandre</strong><br>Ou entrer en contact avec le Webmaster : <strong><a href="mailto:contact@auxsonsdescloches.com?subject=Contactapartirdesmentionslgalesvialesiteauxsonsdescloches.com" target="_self">contact@auxsonsdescloches.com</a></strong></p>



<p class="translation-block">L’hebergeur du site est : <strong>Hostinger</strong><br>Registre du commerce et des sociétés (RCS) –<br>Code APE (NAF) –<br>Num. de TVA : –<br>Siège Sociale de l’hébergeur : <strong>HOSTINGER INTERNATIONAL LTD, 61 Lordou Vironos Street, 6023 Larnaca, Chypre</strong></p>



<p class="translation-block">Les Mentions Légales ont été réalisées via <strong><a href="https://www.generateur-de-mentions-legales.com/" target="_blank" rel="noreferrer noopener">ce générateur</a></strong><br></p>



<h2 class="wp-block-heading"><strong>2. Introduction :</strong></h2>



<p class="translation-block">Tout internaute qui utilise le site suivant : <a href="https://auxsonsdescloches.com/sv/" target="_blank" rel="noreferrer noopener">auxsonsdescloches.com</a> est considéré comme utilisateur du site.<br>Le site suivant <strong>auxsonsdescloches.com</strong> regroupe plusieurs services, dans l’état, disponible pour les utilisateur. Il est naturellement précisé que ces derniers doivent rester courtois et faire preuve de bonne foi tant envers les différents usagés qu’envers le Webmaster du site auxsonsdescloches.com. Le site auxsonsdescloches.com est actualisé de façon régulière par BAUER Alexandre.<br>BAUER Alexandre s’efforce d’indiqué sur le site auxsonsdescloches.com des informations les plus précises possibles (sous réserve de modifications), mais ne saurait garantir l’exactitude, la finitude et l’actualité des informations diffusées sur son site web, qu’elles soient de son fait ou du fait des tiers partenaires qui lui fournissent ces informations. En répercussion, l’utilisateur reconnaît se servir des informations données (à titre indicatif, non exhaustives et susceptibles d’évoluer) sous son unique responsabilité.</p>



<h2 class="wp-block-heading"><strong>3. Digital tillgänglighet :</strong></h2>



<p>Webbplatsen auxsonsdescloches.com är i huvudsak tillgänglig för användarna 24 timmar om dygnet, 7 dagar i veckan, utom vid planerade eller oplanerade avbrott för underhåll eller force majeure. Om det inte går att få tillgång till tjänsten åtar sig auxsonsdescloches.com att göra sitt yttersta för att återställa tillgången till webbplatsen och kommer att försöka informera användarna i förväg om datum och tid för avbrottet. Eftersom auxsonsdescloches.com endast är föremål för en avgift för medel, kan det inte hållas ansvarigt för eventuella problem, oavsett art, till följd av att tjänsten inte är tillgänglig.</p>



<h2 class="wp-block-heading"><strong>4. Immateriella rättigheter :</strong></h2>



<p>BAUER Alexandre är den exklusiva ägaren av alla immateriella rättigheter eller innehar rättigheter och tillstånd att använda alla element som är tillgängliga på webbplatsen, inklusive struktur, artiklar, texter, bilder, grafik, logotyper, ljudspår, programvara etc...<br>All reproduktion, även partiell, av webbplatsen auxsonsdescloches.com, visning, ändring, fullständig eller partiell anpassning av något av dessa element, oavsett vilket medel eller vilken process som används, är strängt förbjuden, utom efter skriftligt förhandstillstånd från BAUER Alexandre, som ansvarar för webbplatsen på följande e-postadress: contact@auxsonsdescloches.com, i annat fall kommer det att betraktas som ett intrång och kan leda till åtal i enlighet med bestämmelserna i artiklarna L.335-2 och följande i den franska lagen om immateriell äganderätt. All reproduktion, helt eller delvis, visning, ändring, uppdatering, helt eller delvis, av något av dessa element, oavsett vilket medel eller vilken process som används, är strängt förbjuden, utom efter föregående skriftligt medgivande från BAUER Alexandre, ägare till webbplatsen på följande e-postadress: contact@auxsonsdescloches.com, i annat fall kommer det att betraktas på samma sätt som ett intrång och kan leda till åtal i enlighet med bestämmelserna i artiklarna L.335-2 och följande i den franska lagen om immateriell äganderätt.</p>



<h2 class="wp-block-heading"><strong>5. Cookies och hyperlänkar :</strong></h2>



<p>Webbplatsen auxsonsdescloches.com har olika hypertextadresser till olika webbplatser (partner, källwebbplatser osv.) som har lagts ut på nätet med tillstånd av BAUER Alexandre.<a href="https://www.generateur-de-mentions-legales.com/">.</a> BAUER Alexandre kan dock inte kontrollera alla delar av de webbplatser som besöks och frånsäger sig därför allt ansvar för eventuella risker för olagligt innehåll.<br>Användarna informeras härmed om att när de surfar på följande webbplats auxsonsdescloches.com kan en eller flera cookies automatiskt placeras på deras dator av deras webbläsarprogram. En cookie är ett block med datauppgifter som inte gör det möjligt för oss att veta vem som använder det, men som registrerar information om användarens surfande på webbplatsen. <br>Webbläsare kan konfigureras så att användarna informeras om förekomsten av cookies och vid behov avvisar dem, enligt beskrivningen på : <a href="https://auxsonsdescloches.com/sv/">www.auxsonsdescloches.com</a>. Användaren kan dock ställa in sin webbläsare så att den inte accepterar cookies, men då bör man komma ihåg att detta kan hindra användaren från att få tillgång till olika delar av webbplatsen. För att blockera cookies, skriv "blockera cookies" i sökverktyget och följ instruktionerna för din webbläsare.<strong>6. Skydd av personer och egendom - Hantering av personuppgifter :</strong></p>



<p>En France, les données personnelles sont par exemple protégées par la loi n° 78-87 du 6 janvier 1978 , la loi n° 2004-801 datant du 6 août 2004, l’article L. 226-13 du Code pénal ainsi que la Directive Européenne du 24 octobre 1995.</p>



<p class="translation-block">Sur le site suivant auxsonsdescloches.com, BAUER Alexandre ne aucune information personnelles ( suivant l’article 4 loi n°78-17 du 06 janvier 1978) concernant l’usager que pour la nécéssité de plusieurs services offerts par le site auxsonsdescloches.com. L’usager fournit ces informations en pleine connaissance de cause, notamment lorsqu’il procède par lui-même à leur saisie. Il est alors précisé à l’usagé du site auxsonsdescloches.com l’obligation ou non de mentionner ces informations.<br>En conformité avec les dispositifs des articles 38 et suivants de la loi 78-17 du 6 janvier 1978 en lien avec l’informatique, aux fichiers et aux libertés, n’importe quel utilisateur dispose d’un droit d’accès , de rectification, de suppression et d’opposition aux données personnelles qui le concerne. Pour l’utiliser, adressez votre demande à auxsonsdescloches.com par email : <strong><a href="mailto:contact@auxsonsdescloches.com?subject=Contactpartirdesmentionslgalesvialesiteauxsonsdescloches.com" target="_self">contact@auxsonsdescloches.com</a></strong> ou via écrit dûement signée, jointe d’une copie du titre d’identité avec signature du titulaire de la pièce, en mentionnant l’adresse à laquelle une réponse doit être envoyée.</p>



<p class="translation-block">Sans information personnelle de l’usager du site web auxsonsdescloches.com ne sera publiée sans consentemment de l’utilisateur, échangée, transmise, cédée sur n’importe quel support à des tiers. Seule l’hypothèse de la vente du site auxsonsdescloches.com et de ses droits en autorise BAUER Alexandre à transmettre les dites informations à l’ acquéreur qui serait donc lui-même tenu à la même obligation de conservation et de modification des informations relative à l’utilisateur du site auxsonsdescloches.com.<br>Le site auxsonsdescloches.com est conforme avec le RGPD consulter notre politique RGPD.</p>



<p>Les bases de données sont protégées par les obligations de la loi du 1er juillet 1998 transposant ainsi la directive 96/9 du 11 mars 1996 relative à la protection juridique des bases de données(BDD).</p>

<p>I enlighet med skyldigheterna i artiklarna 6-III och 19 i lag nr 2004-575 av den 21 juni 2004 om förtroende för den digitala ekonomin (L.C.E.N.) informerar vi användarna av webbplatsen auxsonsdescloches.com om följande Webbplatsen auxsonsdescloches.com tillhör uteslutande Sci Aux Sons des Cloches 1. Juridisk information: Sci Aux Sons des Cloches - Nummer...</p>

I enlighet med skyldigheterna i artikel 6-III och 19 i lag nr 2004-575 av den 21 juni 2004 om förtroende för den digitala ekonomin, känd som L.C.E.N., gör vi följande
